 d?
3
Suppose 4*f - 13*f + 2178 = 0. Calculate the greatest common factor of 22 and f.
22
Suppose 5*x - 2*x = 2178. Suppose 0 = o + 2*a - x, 2*o - 5*o = -2*a - 2186. Let z be ((-18)/(-7))/(39/o). Calculate the greatest common divisor of z and 120.
24
Let m(n) = -2*n - 21. Let b be m(-12). Suppose -b*u = -31 - 26. Calculate the greatest common divisor of 19 and u.
19
Suppose 0 = -5*k + 2*n - 10, 0 = k + 2*k + n + 6. Let u be (4 + 1)*(k + 3). Suppose 4*c - 1001 + 997 = 0. Calculate the highest common divisor of c and u.
1
Let g = -740 - -803. Calculate the highest common factor of g and 819.
63
Let r(v) be the third derivative of v**4/8 - v**3 + 7*v**2. Let j be r(4). Calculate the highest common divisor of 9 and j.
3
Suppose 10*o - 1640 = 6*o. Calculate the highest common divisor of o and 10.
10
Let b be -3 + -3 + (-29 - -103). Let s = 3 + 14. What is the highest common factor of b and s?
17
Suppose -97 = -11*w + 68. Calculate the greatest common divisor of w and 80.
5
Suppose 2*a = -4*n + 70, -4*a = 3*n - 6*n + 25. Suppose 924 = n*b - 8*b. What is the greatest common factor of b and 24?
12
Suppose 12*z = 11*z - 4, -4*v - 2*z + 824 = 0. Calculate the greatest common factor of v and 884.
52
Suppose i - 14 = 3*i. Let z be 3/i - (-8360)/70. Let p be 17/(-2)*(-3 - -1). What is the highest common factor of z and p?
17
Suppose -y = -2*g + 22, 3*g - 4*y - 35 = -2. Suppose 6*u - 44 - 154 = 0. What is the highest common divisor of u and g?
11
Suppose -2*b + 25 = -7*b. Let q(o) = o**3 + 9*o**2 + 4*o. Let d be q(b). Calculate the greatest common divisor of d and 20.
20
Suppose 0 = -x - 4*x + 210. Suppose x + 3 = z. Let r = 60 + -51. What is the greatest common factor of z and r?
9
Suppose 87 = a + 5*l, -42 = -3*a - 5*l + 249. What is the greatest common factor of 6 and a?
6
Let q(l) = 4*l**2 + 91*l - 18. Let j be q(-23). Calculate the highest common factor of j and 9.
1
Let n = -152 + 373. Calculate the highest common divisor of n and 13.
13
Let w be (293 - 3)*2/5. Suppose -q - 3 = 0, 0 = 2*f + 2*q - 3*q - 9. Let l be (3 + (-21)/f - -33)*1. What is the highest common factor of l and w?
29
Suppose -3*g - 2 = -5, b - 35 = g. Let r be 552/69 + 2 + 1 + 1. Calculate the highest common divisor of b and r.
12
Let b(y) = 285*y**2 - y + 1. Let t be b(1). Let k be ((-16)/(-1))/(30/t). What is the greatest common factor of 19 and k?
19
Let o(s) = s**3 - 6*s**2 + 3*s - 5. Let c be o(4). Let l = c - -75. Suppose 18 = 4*w - l. Calculate the highest common divisor of w and 17.
17
Let s(i) = -52*i + 717. Let o be s(13). Calculate the highest common factor of o and 2993.
41
Let o = -892 - -896. Let y = 22 - -6. Calculate the highest common factor of o and y.
4
Let x be 30/35*-2*-84. Calculate the greatest common factor of 32 and x.
16
Let h(t) = -t**2 + 10*t - 1. Let y be h(10). Let d = y + 1. Suppose d = 3*b - 60 - 108. Calculate the greatest common factor of 8 and b.
8
Let n be (-2)/(-11) - (-208012)/836. What is the highest common divisor of n and 3?
3
Let q(s) = -s**2 + s + 63. Let n be q(0). Let t = 82 + -54. Let h = t - 19. Calculate the highest common divisor of h and n.
9
Let j = -177 - -178. Suppose 4*p - 160 - 548 = 0. Suppose -x - j = -p. Calculate the highest common factor of 16 and x.
16
Let f(o) = -43*o + 5. Let z be f(-4). Suppose 0 = -5*x + 2*j - 3*j + z, x - 21 = -5*j. What is the highest common factor of 84 and x?
12
Suppose 19*n - 1461 = 1256. Let g be n/(-33) + (-2)/(-6) + 84. Suppose 183 = 5*l + 23. What is the highest common factor of l and g?
16
Let n(t) = 16*t**3 - t + 1. Let q be n(1). Suppose 4*j = -i + 335 - 50, -68 = -j + 3*i. Let w = j + -47. What is the greatest common factor of q and w?
8
Suppose -98 = -4*l + u, 445*l + 50 = 447*l - u. What is the greatest common divisor of l and 222?
6
Let k(y) be the second derivative of y**4/12 - y**3/3 + y**2/2 + 6*y. Let g be k(4). Let w be (6/g)/(1/198). What is the greatest common divisor of w and 12?
12
Let j(w) = -w + 20. Let u be j(16). Suppose k + k = u. What is the highest common factor of k and 22?
2
Let t be ((-60)/8)/((-2)/(-4)). Let d = -5 - t. Let s(x) = x**3 - 10*x**2 + 5*x - 5. Let z be s(d). What is the greatest common divisor of z and 5?
5
Let v = 8577 - 8511. Let w(a) = 2*a**2 - a + 1. Let o be 1/((2/6)/(-1)). Let l be w(o). Calculate the highest common factor of l and v.
22
Suppose 34*o + 18090 = 61*o. What is the greatest common divisor of o and 536?
134
Suppose r + 2*r + 32790 - 32808 = 0. Let n(s) = 4*s**2 - 7*s + 6. Let l be n(4). What is the highest common factor of r and l?
6
Suppose -5*d + 31 + 43 = 3*b, -3*d = -4*b + 60. Suppose 0*r + 8 = 4*r. Let m be (-4)/(-2) + 8*r. Calculate the highest common factor of m and b.
18
Let p be 4/(1/(1/2)). Suppose -5 = -p*l - 1. Suppose 0 = -3*v - 3 - 6, -l*j = 3*v - 1. Calculate the greatest common divisor of 40 and j.
5
Suppose x - 2*r - 63 = 0, 5*x - r - 2*r - 329 = 0. Let q = x + -64. What is the greatest common factor of 24 and q?
3
Let t(l) be the first derivative of 5*l**2 + 5*l + 6. Let b be t(-2). Let z be b/20 + 230/8. Calculate the highest common factor of z and 4.
4
Suppose -84 = c + 4*o - 540, 2*c = 4*o + 936. Calculate the greatest common factor of 24 and c.
8
Let a(f) = f + 49. Let v be a(-10). Let b = v - 38. Calculate the greatest common factor of 8 and b.
1
Let i(v) = 3*v**2 + 9*v - 6. Let t be i(6). Let a = t - 12. What is the greatest common factor of a and 24?
24
Let s = 245 - 170. Let a = 34 - 9. What is the highest common factor of a and s?
25
Let m(l) = l**2 - 13*l + 31. Let z be m(13). Let u = 174 - z. Calculate the greatest common divisor of u and 13.
13
Let t(h) = h + 6. Let x be t(-11). Let u(n) = -29*n + 13*n + 3*n**2 + 20*n + 1. Let c be u(x). What is the highest common factor of c and 8?
8
Let w(h) = -h**2 - 55*h + 480. Let k be w(-60). What is the greatest common factor of 160 and k?
20
Let l = 7 + -5. Let d(r) = r**3 - r + 2. Let w be d(l). Let o(n) = 27*n - 227. Let t be o(9). What is the highest common divisor of t and w?
8
Let t be ((-49)/(-21) + -9)*-9. What is the greatest common divisor of 35 and t?
5
Let r = 32 - 27. Suppose -h + 2 = -r. What is the highest common divisor of 28 and h?
7
Let d = -124 + 153. Suppose 72 = u + d. What is the highest common factor of 387 and u?
43
Suppose -6*l + 25 = -l - 4*a, -l - 2*a = -5. Let j = 205 - 106. Let m = 154 - j. Calculate the greatest common divisor of m and l.
5
Suppose -2*n + 5*o - 31 = -128, -195 = -5*n + 3*o. What is the greatest common divisor of n and 99?
9
Let r be 6*-4*4/(-12). What is the highest common divisor of 216 and r?
8
Let d be ((-195)/(-30) - (5 + 0))*18. Calculate the highest common factor of d and 405.
27
Suppose 4*h + 315 = -3*v, 3*v - 166 = -h - 481. Let m be ((-3)/5)/(3/v). Let c = 33 + -19. Calculate the highest common factor of m and c.
7
Suppose -3*t = 2*x - 22, -3*t + 6*x - x = 13. What is the highest common divisor of 196 and t?
4
Suppose -6*c = -c - 270. Let u = -105 + c. Let n be (-790)/(-6) + (-17)/u. Calculate the highest common factor of n and 33.
33
Let u = 260 - 125. Let r = u - 81. What is the highest common divisor of r and 36?
18
Let o(q) = -80*q + 1221. Let a be o(15). Calculate the greatest common divisor of 168 and a.
21
Let j be 34 - (-4 - -1) - -5. What is the greatest common divisor of j and 6?
6
Let d = 1 - 5. Let v = d - -40. Calculate the greatest common factor of 24 and v.
12
Let j(b) = -182*b - 143. Let s be j(-2). What is the greatest common divisor of s and 85?
17
Suppose 4*a - 877 = 3*b, b - 2 = -b. Suppose 2*w = -3*w + a. Let h(r) = 2*r**2 - 15*r - 4. Let c be h(8). What is the greatest common factor of w and c?
4
Let z(n) be the first derivative of n**3/3 + 3*n**2/2 + n + 6. Let s be z(-4). Suppose -q = -s*q + 20. What is the highest common factor of q and 20?
5
Let m be (-29)/(-1) + -8 + 11. What is the highest common factor of 2 and m?
2
Suppose -5*o + 2*r + 2*r + 199 = 0, -3*r = -o + 42. Calculate the greatest common factor of o and 1248.
39
Let v(q) = -26*q + 479. Let z be v(7). Let t be 6/27 - (-241)/9. What is the greatest common factor of t and z?
27
Let k be (-3672)/32 - -4 - (-2)/(-8). Let i = 132 + k. Calculate the highest common divisor of 189 and i.
21
Suppose 6*p - 101541 = -45*p. Calculate